*2 + 22*f + 119. What is the remainder when o(-4) is divided by 50?
49
Let a(c) = -5*c - 25. Let x be (6/(-5) + 2)*5. Suppose -x*b + 271 = k, 0 = -4*b + 2*k - 6*k + 256. What is the remainder when b is divided by a(-7)?
9
Suppose 2*t - 14 = 2*b, 0 = t - 5*b + 3 + 10. Let u be (704/(-16))/(2 - 3). Calculate the remainder when (-66)/u*(-140)/6 is divided by t.
11
Let i(j) = 4*j**2 - 17*j + 29. What is the remainder when 392 is divided by i(5)?
40
Let l(y) = 20*y**2 + 443*y + 110. Calculate the remainder when 9371 is divided by l(-22).
43
Let k(t) be the second derivative of 1/2*t**3 + 1/12*t**4 + 4*t + 0 - 3/2*t**2. What is the remainder when k(8) is divided by 44?
41
Let n = 105 + -59. Calculate the remainder when 2*(24/(-120) + 2274/20) is divided by n.
43
Suppose 5*b = -5, -2*p + 617 + 48 = 5*b. Suppose 6*q - 73 = p. Suppose 13*v + q = 14*v. What is the remainder when v is divided by 10?
8
Let j(y) = -4*y**3 + y**2 + 3*y + 3. Suppose 4*u = -2*p + 4, -2*p - 3*p - 20 = -5*u. Let k = 9133 - 9121. What is the remainder when j(p) is divided by k?
9
What is the remainder when 547 is divided by 1/((-6)/(-140)) - -4*(-4)/48?
18
Let w = -52 + 339. What is the remainder when w is divided by 137?
13
Let q(l) = 405*l**3 - 15*l**2 + 20*l - 4. What is the remainder when q(1) is divided by 113?
67
What is the remainder when 1*80 - (-5*(-18)/15 - 8) is divided by 34?
14
Let o = -58 + -135. Let a = 198 + o. Suppose 0 = x - 55 - 14. Calculate the remainder when x is divided by a.
4
What is the remainder when 2280 is divided by (2/5)/((-19)/190)*(-20 + 18)?
0
Let g(o) = -8*o + 1. Suppose 224*k = -79*k + 17*k + 13728. What is the remainder when k is divided by g(-2)?
14
Let y(z) = -40*z + 18. Let h be y(-12). Suppose -u + h = 3*j, 3*u = 5*j + u - 841. What is the remainder when j is divided by 24?
23
Let m = -29312 - -29322. What is the remainder when 1817 is divided by m?
7
Suppose 2 = 2*l + 5*x - 15, -4*l - 6 = 2*x. Calculate the remainder when (0 - (-38)/l)/((-28)/56) is divided by 11.
8
Let o(q) = 82*q - 1000. Calculate the remainder when 3759 is divided by o(13).
63
Suppose -o + 8 = -4*t, 49*o + 2*t + 74 = 52*o. Suppose 29 = 3*k - o. Calculate the remainder when k is divided by 10.
9
Let k = -2637 + 2718. Let t = -42 + 46. What is the remainder when k is divided by t?
1
Let z(w) = -w + 45. Suppose 21899 - 66955 = -93*m - 419*m. What is the remainder when m is divided by z(0)?
43
Let v = 10841 + -10173. Calculate the remainder when v is divided by 169.
161
Calculate the remainder when 732 is divided by 68647/95 + 3/(-2)*(-12)/45.
9
Suppose -2*c = 7*c - 549. Let u = -58 + c. Suppose -u*g + p = -47, -4*p + 9*p = 5*g - 75. What is the remainder when 28 is divided by g?
12
Let r = -193 + 198. Calculate the remainder when 27 is divided by 1/((-576)/117 + r).
1
Let s(w) = 12*w**2 + 9*w + 3. Let c be s(4). What is the remainder when 51 is divided by 262/14 - 11/(c/(-6))?
13
Suppose 17*s = 23*s + 840. Let p = 202 + s. Calculate the remainder when p is divided by 30.
2
Suppose -20*y + 21*y + 872 = 3*v, -y - 1454 = -5*v. What is the remainder when v is divided by 35?
11
Suppose -7960 = -8*m + 4*m - 2*h, 2*h = -4. What is the remainder when m is divided by 83?
82
Suppose -69*z + 3981 + 1746 = 0. Let f = -159 + 244. Suppose 3*i - f = -2*i. What is the remainder when z is divided by i?
15
Let q be (-8)/6 - 195/(-45). Suppose 27 = 3*f - q. What is the remainder when 58 is divided by f?
8
Let p = -112 + 135. Suppose 27*b - 124 = p*b. Calculate the remainder when 149 is divided by b.
25
Suppose -2*i + 2*o = -6*i + 18, 2*i + 3*o = 15. What is the remainder when 4 - 21*(6/9 - i) is divided by 11?
9
Let v = 540 - 411. Calculate the remainder when 413 is divided by v.
26
Let a(h) = -2*h - 5. Suppose g + 718 = 6*g - 2*u, -572 = -4*g + u. What is the remainder when g is divided by a(-5)?
2
Let p(f) = 161*f - 2. Suppose -8*v + 18*v + 60 = 0. Let q(t) = 161*t - 2. Let g(h) = v*p(h) + 7*q(h). Calculate the remainder when g(1) is divided by 20.
19
Let c(j) = 42*j - 2. Let i be c(1). Suppose i*u + 152 = 42*u. Suppose 53 = 3*y - u. Calculate the remainder when y is divided by 11.
10
Calculate the remainder when 127 is divided by ((-11)/(-2) - (-1)/2)*1730/519.
7
Suppose -19*v - 10*y + 12*y = -51956, -5*v = -5*y - 13695. What is the remainder when v is divided by 16?
14
Suppose -17550 = -22*l - 6*l - 37*l. What is the remainder when 542 is divided by l?
2
Let w be (-4 - -1) + 8*86/4. Let y = -28 + 30. Suppose 0 = y*h + 41 - w. Calculate the remainder when h is divided by 11.
9
Let n(y) be the third derivative of -y**5/30 - 31*y**4/24 - 79*y**3/6 - 31*y**2. Calculate the remainder when 76 is divided by n(-11).
16
Suppose -92*b - 72*b = -16*b - 3524176. What is the remainder when b is divided by 11?
8
Let f(i) = -4*i + 115. Let q be f(25). Suppose q*k = -13*k + 5376. Calculate the remainder when k is divided by 29.
18
Let c(s) = 41*s + 48. What is the remainder when 108 is divided by c(0)?
12
Suppose 0 = -2*v - 8. Let f be v/((-12)/405) - 12/6. Suppose -3*y - 4*y = -f. What is the remainder when 35 is divided by y?
16
Let d = -9 + 10. Suppose 213*m - 2355 = 198*m. Calculate the remainder when m is divided by -1 + 18 + (d - -2).
17
Calculate the remainder when 23 + 272/(-12) + (-350)/(-3) is divided by 3.
0
What is the remainder when 4673 is divided by (-37 - -31) + 7 - (-112 + -1)?
113
Let n be (6 + -8)/(4/(-10)). What is the remainder when n/((-15)/(-93)) + 3 is divided by ((-18)/4)/(((-55)/10)/11)?
7
Let n(j) = 15 + 37*j + 1 - 33*j. Let a be n(-4). Suppose -5*h - 46 + 386 = a. Calculate the remainder when h is divided by 10.
8
Suppose 5*n + 0*r + 36 = -r, 2*r + 24 = -4*n. Let s be (6/7)/(136/238)*-4. Calculate the remainder when n/12 + (-862)/s is divided by 24.
23
Let p = -24072 + 24374. Suppose -n = -18 + 2. What is the remainder when p is divided by n?
14
Let m(o) = o**2 - 23*o - 916. Calculate the remainder when 75 is divided by m(-21).
3
Suppose -2*k = 4*j - 2, 0*j + j = -3*k - 12. Let u(q) = -9*q + 31. Let p be u(j). Suppose -p*o = -6*o + 48. What is the remainder when o is divided by 3?
0
Suppose 0 = -y + 2*r + 3*r - 5, -y - 2*r = 33. Let t = y + 30. Suppose 2*m + t*i - 1 = 3, 3*m - 2*i - 25 = 0. Calculate the remainder when 27 is divided by m.
6
Suppose 5*a = 1778 + 2512. Suppose 8*x - a = -25*x. What is the remainder when x is divided by 4?
2
Calculate the remainder when 148 is divided by (1/3)/(((-1078)/1512)/(-77)).
4
What is the remainder when 302 is divided by -50*((-18)/(-45))/(0 + -1)?
2
Let a(u) = -u**3 - 11*u**2 - 9*u + 12. Let c be a(-10). Suppose 69 = 5*w - c*s, 4*s + 13 = -5*w + 70. Calculate the remainder when 33 is divided by w.
7
Let z(x) = 9*x - 21. Suppose 5*m - 2*u + 131 = 0, 5*u = m + 4*u + 25. Let w = m - -71. Calculate the remainder when w is divided by z(4).
14
Suppose -4*c + 6*g + 3451 = 3*g, 4*c = 4*g + 3456. Calculate the remainder when c is divided by 17.
9
Calculate the remainder when ((-1)/8)/((-26)/(-13572))*24/(-18) is divided by (6*10/(-4))/(-1).
12
Let q(f) = -3*f**2 - 17*f - 20. Let l = 52 + -60. Let c(n) = n**2 + 6*n + 7. Let d(r) = l*c(r) - 3*q(r). Calculate the remainder when d(3) is divided by 13.
9
Suppose 1831 = -585*x + 5341. Suppose -n = -3 - 1. Calculate the remainder when 11/(((-6)/n)/(-3)) is divided by x.
4
Let h(i) = -i**2 + 9*i + 7. Suppose b = -s + 2*s - 11, 3*s - 2*b = 28. Suppose -68*f = -66*f - 26. Calculate the remainder when h(s) is divided by f.
12
Suppose -16*i - 13*i + 13588 - 1408 = 0. Calculate the remainder when i is divided by 136.
12
Let p = 142 + -693. Let g = 571 + p. Suppose -4*r - 5 = -5*d - 41, 0 = -3*d. What is the remainder when g is divided by r?
2
Let v = -75757 - -75798. Suppose 8*q - 3*q + 10 = 0. What is the remainder when v is divided by 93/6 - (-1)/q?
11
Suppose -1388 = -4*k + d - 5*d, -1436 = -4*k + 2*d. What is the remainder when k is divided by 343?
12
Suppose -10*d + 42 = -8. Suppose -5*i = 2*s - 119, 8*i = d*s + 4*i - 215. Suppose -12 - 12 = -2*c. Calculate the remainder when s is divided by c.
11
Let g(y) = -3523*y**3 - 2*y**2 - 2*y - 1. Let p be g(-1). Suppose 0 = -9*v + p - 1425. What is the remainder when v is divided by 39?
38
Suppose 2*l + 6*y = -64 + 182, 0 = -5*l - y + 337. What is the r